 when 68 is divided by 7?
5
What is the remainder when 1116 is divided by 193?
151
What is the remainder when 321 is divided by 82?
75
Calculate the remainder when 129 is divided by 98.
31
What is the remainder when 613 is divided by 28?
25
Calculate the remainder when 1735 is divided by 60.
55
Calculate the remainder when 1085 is divided by 11.
7
What is the remainder when 296 is divided by 9?
8
What is the remainder when 1048 is divided by 17?
11
What is the remainder when 1176 is divided by 169?
162
What is the remainder when 721 is divided by 22?
17
Calculate the remainder when 81 is divided by 12.
9
What is the remainder when 899 is divided by 222?
11
What is the remainder when 418 is divided by 171?
76
What is the remainder when 935 is divided by 84?
11
What is the remainder when 3153 is divided by 3147?
6
What is the remainder when 171 is divided by 86?
85
Calculate the remainder when 253 is divided by 52.
45
Calculate the remainder when 320 is divided by 54.
50
What is the remainder when 6238 is divided by 10?
8
Calculate the remainder when 879 is divided by 91.
60
What is the remainder when 323 is divided by 109?
105
Calculate the remainder when 641 is divided by 17.
12
Calculate the remainder when 578 is divided by 85.
68
Calculate the remainder when 229 is divided by 165.
64
Calculate the remainder when 165 is divided by 48.
21
Calculate the remainder when 37 is divided by 10.
7
Calculate the remainder when 275 is divided by 94.
87
What is the remainder when 478 is divided by 51?
19
Calculate the remainder when 124 is divided by 39.
7
Calculate the remainder when 173 is divided by 25.
23
Calculate the remainder when 539 is divided by 273.
266
What is the remainder when 22 is divided by 7?
1
What is the remainder when 28557 is divided by 140?
137
What is the remainder when 1 is divided by 1?
0
What is the remainder when 7032 is divided by 1757?
4
What is the remainder when 273 is divided by 70?
63
What is the remainder when 365 is divided by 123?
119
What is the remainder when 112 is divided by 16?
0
What is the remainder when 1114 is divided by 124?
122
Calculate the remainder when 479 is divided by 23.
19
What is the remainder when 44 is divided by 29?
15
Calculate the remainder when 489 is divided by 37.
8
Calculate the remainder when 672 is divided by 173.
153
Calculate the remainder when 103 is divided by 14.
5
Calculate the remainder when 1661 is divided by 49.
44
What is the remainder when 1136 is divided by 10?
6
What is the remainder when 734 is divided by 15?
14
What is the remainder when 227 is divided by 38?
37
Calculate the remainder when 5026 is divided by 4.
2
What is the remainder when 248 is divided by 114?
20
What is the remainder when 4002 is divided by 444?
6
Calculate the remainder when 1687 is divided by 72.
31
Calculate the remainder when 104 is divided by 50.
4
What is the remainder when 130 is divided by 66?
64
Calculate the remainder when 105 is divided by 43.
19
Calculate the remainder when 1362 is divided by 13.
10
Calculate the remainder when 1041 is divided by 10.
1
Calculate the remainder when 1679 is divided by 40.
39
What is the remainder when 4417 is divided by 52?
49
Calculate the remainder when 7746 is divided by 27.
24
Calculate the remainder when 73149 is divided by 17.
15
What is the remainder when 2066 is divided by 26?
12
What is the remainder when 6393 is divided by 81?
75
Calculate the remainder when 8608 is divided by 70.
68
What is the remainder when 2749 is divided by 32?
29
Calculate the remainder when 208 is divided by 69.
1
Calculate the remainder when 108 is divided by 19.
13
Calculate the remainder when 82 is divided by 14.
12
What is the remainder when 144 is divided by 46?
6
Calculate the remainder when 2676 is divided by 1335.
6
Calculate the remainder when 156 is divided by 114.
42
What is the remainder when 308 is divided by 12?
8
Calculate the remainder when 123 is divided by 77.
46
Calculate the remainder when 363 is divided by 264.
99
Calculate the remainder when 10749 is divided by 25.
24
Calculate the remainder when 529 is divided by 38.
35
What is the remainder when 110 is divided by 22?
0
What is the remainder when 300 is divided by 22?
14
Calculate the remainder when 996 is divided by 37.
34
Calculate the remainder when 158 is divided by 80.
78
Calculate the remainder when 81 is divided by 7.
4
Calculate the remainder when 1313 is divided by 120.
113
Calculate the remainder when 130 is divided by 12.
10
What is the remainder when 440 is divided by 52?
24
Calculate the remainder when 7358 is divided by 80.
78
Calculate the remainder when 1131 is divided by 49.
4
What is the remainder when 103 is divided by 53?
50
Calculate the remainder when 1244 is divided by 83.
82
Calculate the remainder when 2012 is divided by 31.
28
Calculate the remainder when 417 is divided by 137.
6
What is the remainder when 128 is divided by 114?
14
Calculate the remainder when 395 is divided by 36.
35
What is the remainder when 251 is divided by 61?
7
Calculate the remainder when 108 is divided by 4.
0
What is the remainder when 415 is divided by 53?
44
What is the remainder when 582 is divided by 9?
6
Calculate the remainder when 5 is divided by 5.
0
What is the remainder when 164 is divided by 11?
10
What is the remainder when 399 is divided by 8?
7
Calculate the remainder when 2671 is divided by 664.
15
What is the remainder when 10598 is divided by 38?
34
Calculate the remainder when 3007 is divided by 17.
15
Calculate the remainder when 137 is divided by 70.
67
Calculate the remainder when 2032 is divided by 303.
214
Calculate the remainder when 2134 is divided by 23.
18
Calculate the remainder when 79 is divided by 22.
13
Calculate the remainder when 1903 is divided by 472.
15
Calculate the remainder when 2136 is divided by 3.
0
What is the remainder when 1321 is divided by 168?
145
What is the remainder when 1138 is divided by 258?
106
Calculate the remainder when 811 is divided by 14.
13
Calculate the remainder when 334 is divided by 87.
73
What is the remainder when 603 is divided by 5?
3
What is the remainder when 307 is divided by 44?
43
What is the remainder when 457 is divided by 111?
13
Calculate the remainder when 992 is divided by 38.
4
What is the remainder when 209 is divided by 6?
5
What is the remainder when 821 is divided by 135?
11
What is the remainder when 1889 is divided by 158?
151
Calculate the remainder when 266 is divided by 18.
14
Calculate the remainder when 2771 is divided by 73.
70
Calculate the remainder when 543 is divided by 109.
107
What is the remainder when 12125 is divided by 94?
93
What is the remainder when 1180 is divided by 15?
10
What is the remainder when 6081 is divided by 39?
36
Calculate the remainder when 25 is divided by 3.
1
What is the remainder when 212 is divided by 98?
16
What is the remainder when 107 is divided by 45?
17
What is the remainder when 5513 is divided by 25?
13
Calculate the remainder when 3430 is divided by 47.
46
What is the remainder when 56 is divided by 19?
18
Calculate the remainder when 126 is divided by 54.
18
What is the remainder when 57 is divided by 15?
12
What is the remainder when 342 is divided by 15?
12
Calculate the remainder when 99481 is divided by 34.
31
What is the remainder when 828 is divided by 10?
8
What is the remainder when 940 is divided by 43?
37
Calculate the remainder when 1756 is divided by 356.
332
Calculate the remainder when 836 is divided by 21.
17
What is the remainder when 878 is divided by 21?
17
What is the remainder when 27 is divided by 8?
3
What is the remainder when 51 is divided by 6?
3
Calculate the remainder when 52 is divided by 19.
14
Calculate the remainder when 934 is divided by 72.
70
What is the remainder when 3815 is divided by 10?
5
What is the remainder when 1177 is divided by 117?
7
What is the remainder when 439 is divided by 44?
43
Calculate the remainder when 252 is divided by 106.
40
What is the remainder when 856 is divided by 111?
79
Calculate the remainder when 449 is divided by 91.
85
What is the remainder when 69 is divided by 35?
34
What is the remainder when 105 is divided by 84?
21
Calculate the remainder when 1401 is divided by 19.
14
Calculate the rem